r when 5950 is divided by 161?
154
Calculate the remainder when 19141 is divided by 6378.
7
Calculate the remainder when 5487 is divided by 454.
39
Calculate the remainder when 35031 is divided by 17369.
293
Calculate the remainder when 115440 is divided by 19.
15
Calculate the remainder when 2524 is divided by 770.
214
What is the remainder when 1156 is divided by 297?
265
Calculate the remainder when 53454 is divided by 180.
174
Calculate the remainder when 1482 is divided by 62.
56
Calculate the remainder when 17856 is divided by 76.
72
Calculate the remainder when 1053566 is divided by 9.
8
What is the remainder when 1628 is divided by 267?
26
Calculate the remainder when 6866 is divided by 334.
186
Calculate the remainder when 1265 is divided by 977.
288
Calculate the remainder when 547375 is divided by 547369.
6
Calculate the remainder when 16770 is divided by 5589.
3
What is the remainder when 106203 is divided by 450?
3
What is the remainder when 2269 is divided by 95?
84
What is the remainder when 5865 is divided by 90?
15
Calculate the remainder when 11919 is divided by 409.
58
What is the remainder when 18549 is divided by 1426?
11
Calculate the remainder when 96712 is divided by 86.
48
What is the remainder when 2226 is divided by 430?
76
What is the remainder when 8207 is divided by 10?
7
Calculate the remainder when 69165 is divided by 94.
75
Calculate the remainder when 34275 is divided by 11349.
228
Calculate the remainder when 20722 is divided by 29.
16
What is the remainder when 204962 is divided by 71?
56
What is the remainder when 103913 is divided by 51956?
1
Calculate the remainder when 86480 is divided by 6.
2
Calculate the remainder when 569967 is divided by 66.
57
What is the remainder when 33155 is divided by 1062?
233
What is the remainder when 1742 is divided by 540?
122
Calculate the remainder when 16378 is divided by 42.
40
Calculate the remainder when 4632 is divided by 419.
23
Calculate the remainder when 11256 is divided by 51.
36
What is the remainder when 68941 is divided by 4595?
16
Calculate the remainder when 5258 is divided by 62.
50
Calculate the remainder when 7812 is divided by 43.
29
Calculate the remainder when 6065 is divided by 629.
404
What is the remainder when 14902 is divided by 930?
22
Calculate the remainder when 41134 is divided by 45.
4
Calculate the remainder when 5112 is divided by 214.
190
What is the remainder when 2746 is divided by 295?
91
Calculate the remainder when 1489237 is divided by 57.
55
Calculate the remainder when 1393 is divided by 283.
261
What is the remainder when 69534 is divided by 1242?
1224
What is the remainder when 381349 is divided by 95331?
25
What is the remainder when 3563 is divided by 403?
339
Calculate the remainder when 872582 is divided by 234.
230
What is the remainder when 6655 is divided by 22?
11
Calculate the remainder when 26221 is divided by 186.
181
Calculate the remainder when 5199 is divided by 171.
69
Calculate the remainder when 2623 is divided by 120.
103
Calculate the remainder when 1207 is divided by 457.
293
Calculate the remainder when 6969 is divided by 93.
87
Calculate the remainder when 1547 is divided by 1513.
34
Calculate the remainder when 55698 is divided by 55690.
8
Calculate the remainder when 32953 is divided by 765.
58
What is the remainder when 13022 is divided by 420?
2
What is the remainder when 2872 is divided by 1285?
302
Calculate the remainder when 1170 is divided by 33.
15
Calculate the remainder when 8752 is divided by 8730.
22
Calculate the remainder when 6149 is divided by 873.
38
Calculate the remainder when 432936 is divided by 10559.
17
What is the remainder when 23244 is divided by 4648?
4
What is the remainder when 16713 is divided by 16711?
2
What is the remainder when 1321 is divided by 555?
211
What is the remainder when 38629 is divided by 282?
277
Calculate the remainder when 6666 is divided by 107.
32
Calculate the remainder when 12004 is divided by 1500.
4
Calculate the remainder when 5839 is divided by 327.
280
Calculate the remainder when 15292 is divided by 2179.
39
What is the remainder when 39578 is divided by 1284?
1058
Calculate the remainder when 46554 is divided by 58.
38
Calculate the remainder when 520 is divided by 24.
16
What is the remainder when 7656 is divided by 537?
138
What is the remainder when 137486 is divided by 68740?
6
What is the remainder when 16957 is divided by 55?
17
Calculate the remainder when 156375 is divided by 201.
198
Calculate the remainder when 87702 is divided by 5.
2
Calculate the remainder when 8377 is divided by 8353.
24
Calculate the remainder when 170979 is divided by 27.
15
What is the remainder when 24218 is divided by 1862?
12
Calculate the remainder when 21514 is divided by 15.
4
What is the remainder when 1323 is divided by 775?
548
What is the remainder when 129829 is divided by 407?
403
Calculate the remainder when 1327 is divided by 14.
11
Calculate the remainder when 21934 is divided by 140.
94
What is the remainder when 80973 is divided by 196?
25
What is the remainder when 94374 is divided by 7?
0
Calculate the remainder when 3558 is divided by 511.
492
What is the remainder when 27021 is divided by 1610?
1261
Calculate the remainder when 5972 is divided by 1477.
64
What is the remainder when 4830 is divided by 1551?
177
Calculate the remainder when 9969 is divided by 398.
19
Calculate the remainder when 369174 is divided by 394.
390
What is the remainder when 218862 is divided by 8?
6
Calculate the remainder when 4362 is divided by 2162.
38
Calculate the remainder when 42418 is divided by 14136.
10
What is the remainder when 70311 is divided by 19?
11
What is the remainder when 24555 is divided by 1886?
37
Calculate the remainder when 3006 is divided by 37.
9
What is the remainder when 189192 is divided by 406?
402
Calculate the remainder when 2272 is divided by 537.
124
Calculate the remainder when 11625 is divided by 1440.
105
What is the remainder when 148706 is divided by 1316?
1314
Calculate the remainder when 139248 is divided by 173.
156
Calculate the remainder when 413 is divided by 137.
2
Calculate the remainder when 700 is divided by 259.
182
What is the remainder when 2949 is divided by 87?
78
What is the remainder when 1342 is divided by 786?
556
What is the remainder when 54629 is divided by 111?
17
Calculate the remainder when 1137863 is divided by 364.
363
Calculate the remainder when 1108 is divided by 178.
40
What is the remainder when 207749 is divided by 48?
5
Calculate the remainder when 3125 is divided by 516.
29
What is the remainder when 9057 is divided by 604?
601
Calculate the remainder when 6015 is divided by 11.
9
What is the remainder when 314 is divided by 224?
90
What is the remainder when 3606 is divided by 189?
15
What is the remainder when 700888 is divided by 223?
222
What is the remainder when 331092 is divided by 22?
14
Calculate the remainder when 942 is divided by 670.
272
What is the remainder when 43732 is divided by 150?
82
Calculate the remainder when 285 is divided by 103.
79
Calculate the remainder when 87514 is divided by 43727.
60
Calculate the remainder when 44717 is divided by 93.
77
Calculate the remainder when 4923 is divided by 31.
25
Calculate the remainder when 970562 is divided by 485275.
12
Calculate the remainder when 204576 is divided by 157.
5
Calculate the remainder when 4525 is divided by 15.
10
Calculate the remainder when 45898 is divided by 15.
13
Calculate the remainder when 545 is divided by 37.
27
What is the remainder when 19904 is divided by 362?
356
What is the remainder when 5570 is divided by 1772?
254
Calculate the remainder when 12333 is divided by 3080.
13
Calculate the remainder when 815437 is divided by 16.
13
Calculate the remainder when 5597 is divided by 3666.
1931
Calculate the remainder when 14737 is divided by 54.
49
Calculate the remainder when 3796505 is divided by 4.
1
What is the remainder when 7991 is divided by 64?
55
Calculate the remainder when 4795 is divided by 594.
43
Calculate the remainder when 112311 is divided by 576.
567
Calculate the remainder when 196164 is divided by 56.
52
Calculate the remainder when 3986 is divided by 550.
136
Calculate the r